ulate the remainder when 2533 is divided by 89.
41
Calculate the remainder when 127243 is divided by 427.
424
Calculate the remainder when 128433 is divided by 462.
459
What is the remainder when 8170 is divided by 3774?
622
What is the remainder when 1593763 is divided by 42?
31
Calculate the remainder when 33893 is divided by 11293.
14
Calculate the remainder when 76828 is divided by 130.
128
Calculate the remainder when 38768 is divided by 95.
8
What is the remainder when 121174 is divided by 4039?
4
Calculate the remainder when 17662 is divided by 2522.
8
Calculate the remainder when 5573 is divided by 1030.
423
Calculate the remainder when 622 is divided by 76.
14
What is the remainder when 42648 is divided by 3860?
188
Calculate the remainder when 79885 is divided by 312.
13
Calculate the remainder when 3746 is divided by 125.
121
What is the remainder when 58419 is divided by 12?
3
Calculate the remainder when 2808 is divided by 44.
36
Calculate the remainder when 15762 is divided by 919.
139
Calculate the remainder when 2975543 is divided by 867.
866
What is the remainder when 750788 is divided by 984?
980
What is the remainder when 200676 is divided by 443?
440
What is the remainder when 1926 is divided by 23?
17
Calculate the remainder when 5849 is divided by 77.
74
What is the remainder when 4846 is divided by 371?
23
What is the remainder when 3571 is divided by 168?
43
What is the remainder when 271572 is divided by 15?
12
Calculate the remainder when 6634 is divided by 79.
77
What is the remainder when 22534 is divided by 563?
14
Calculate the remainder when 106533 is divided by 35507.
12
Calculate the remainder when 190584 is divided by 629.
626
Calculate the remainder when 288358 is divided by 40.
38
What is the remainder when 1620667 is divided by 95333?
6
Calculate the remainder when 1778 is divided by 25.
3
Calculate the remainder when 62078 is divided by 7.
2
What is the remainder when 249750 is divided by 2334?
12
Calculate the remainder when 85432 is divided by 56.
32
Calculate the remainder when 1535 is divided by 119.
107
Calculate the remainder when 837899 is divided by 147.
146
What is the remainder when 6502 is divided by 545?
507
What is the remainder when 22835 is divided by 336?
323
What is the remainder when 2361 is divided by 653?
402
Calculate the remainder when 2030 is divided by 268.
154
What is the remainder when 181712 is divided by 58?
56
What is the remainder when 47346 is divided by 451?
442
Calculate the remainder when 3213 is divided by 24.
21
Calculate the remainder when 62113 is divided by 306.
301
Calculate the remainder when 53930 is divided by 26939.
52
What is the remainder when 229353 is divided by 138?
135
Calculate the remainder when 950840 is divided by 38.
4
Calculate the remainder when 11754 is divided by 1679.
1
Calculate the remainder when 101691 is divided by 482.
471
What is the remainder when 1752 is divided by 580?
12
Calculate the remainder when 6473 is divided by 131.
54
What is the remainder when 47971 is divided by 130?
1
What is the remainder when 7419 is divided by 124?
103
What is the remainder when 108064 is divided by 18?
10
What is the remainder when 19760 is divided by 19753?
7
What is the remainder when 15797901 is divided by 11?
9
What is the remainder when 35368 is divided by 131?
129
Calculate the remainder when 2273 is divided by 205.
18
Calculate the remainder when 32407 is divided by 157.
65
Calculate the remainder when 689 is divided by 183.
140
What is the remainder when 4848 is divided by 1607?
27
Calculate the remainder when 23128 is divided by 609.
595
What is the remainder when 2324 is divided by 68?
12
What is the remainder when 5470 is divided by 7?
3
What is the remainder when 21075 is divided by 10466?
143
Calculate the remainder when 1910 is divided by 253.
139
What is the remainder when 5858 is divided by 21?
20
Calculate the remainder when 1801 is divided by 274.
157
What is the remainder when 18165 is divided by 615?
330
What is the remainder when 7576 is divided by 35?
16
What is the remainder when 15080 is divided by 1110?
650
Calculate the remainder when 156980 is divided by 7.
5
Calculate the remainder when 182046 is divided by 641.
2
What is the remainder when 11113 is divided by 528?
25
What is the remainder when 3845 is divided by 387?
362
Calculate the remainder when 1144 is divided by 335.
139
What is the remainder when 31975 is divided by 65?
60
Calculate the remainder when 33475 is divided by 18.
13
What is the remainder when 12114 is divided by 210?
144
Calculate the remainder when 80231 is divided by 77.
74
Calculate the remainder when 5240 is divided by 1008.
200
What is the remainder when 288784 is divided by 35?
34
Calculate the remainder when 8303 is divided by 173.
172
What is the remainder when 17418 is divided by 2482?
44
What is the remainder when 15900 is divided by 284?
280
Calculate the remainder when 6211 is divided by 1288.
1059
Calculate the remainder when 40297 is divided by 8058.
7
What is the remainder when 55922 is divided by 13977?
14
Calculate the remainder when 374468 is divided by 5761.
3
What is the remainder when 15967 is divided by 2279?
14
Calculate the remainder when 799246 is divided by 13.
6
Calculate the remainder when 392653 is divided by 290.
283
What is the remainder when 2418 is divided by 10?
8
What is the remainder when 1445 is divided by 13?
2
Calculate the remainder when 10092 is divided by 3199.
495
What is the remainder when 8492 is divided by 57?
56
What is the remainder when 7106 is divided by 608?
418
Calculate the remainder when 6405 is divided by 45.
15
Calculate the remainder when 43250 is divided by 7208.
2
Calculate the remainder when 1103086 is divided by 686.
684
Calculate the remainder when 2483 is divided by 1502.
981
What is the remainder when 1323801 is divided by 1284?
1281
Calculate the remainder when 3856 is divided by 160.
16
Calculate the remainder when 525353 is divided by 525334.
19
Calculate the remainder when 20745 is divided by 2963.
4
Calculate the remainder when 85207 is divided by 30.
7
Calculate the remainder when 11820 is divided by 41.
12
What is the remainder when 51801 is divided by 3442?
171
What is the remainder when 199438 is divided by 60?
58
Calculate the remainder when 19073 is divided by 910.
873
Calculate the remainder when 4414 is divided by 146.
34
Calculate the remainder when 12733 is divided by 12591.
142
What is the remainder when 4481 is divided by 8?
1
What is the remainder when 238627 is divided by 157?
144
Calculate the remainder when 34096 is divided by 73.
5
Calculate the remainder when 104190 is divided by 227.
224
What is the remainder when 32758 is divided by 67?
62
What is the remainder when 5216 is divided by 273?
29
What is the remainder when 20715 is divided by 1034?
35
Calculate the remainder when 811 is divided by 398.
15
Calculate the remainder when 611430 is divided by 203.
197
What is the remainder when 1293 is divided by 134?
87
What is the remainder when 8797 is divided by 977?
4
Calculate the remainder when 56068 is divided by 206.
36
What is the remainder when 292488 is divided by 157?
154
What is the remainder when 1011989 is divided by 30?
29
Calculate the remainder when 52000 is divided by 107.
105
Calculate the remainder when 1502 is divided by 171.
134
What is the remainder when 70488 is divided by 470?
458
What is the remainder when 53677 is divided by 132?
85
Calculate the remainder when 5165 is divided by 405.
305
What is the remainder when 21369 is divided by 171?
165
Calculate the remainder when 38973 is divided by 9734.
37
What is the remainder when 9605 is divided by 63?
29
What is the remainder when 8351 is divided by 52?
31
Calculate the remainder when 15559 is divided by 62.
59
What is the remainder when 99584 is divided by 41?
36
Calculate the remainder when 6531124 is divided by 14.
12
What is the remainder when 37180 is divided by 21?
10
Calculate the remainder when 36660 is divided by 101.
98
Calculate the remainder when 5507 is divided by 1096.
27
Calculate the remainder when 392402 is divided by 89.
1
Calculate the remainder when 742 is divided by 402.
340
What is the remainder when 2978 is divided by 47?
17
C